{"id":1644,"date":"2025-06-16T12:05:10","date_gmt":"2025-06-16T10:05:10","guid":{"rendered":"https:\/\/apajh43.fr\/?page_id=1644&#038;preview_id=1644"},"modified":"2026-02-13T14:52:51","modified_gmt":"2026-02-13T13:52:51","slug":"siege","status":"publish","type":"page","link":"https:\/\/apajh43.fr\/index.php\/siege\/","title":{"rendered":"Si\u00e8ge"},"content":{"rendered":"\t\t<div data-elementor-type=\"wp-page\" data-elementor-id=\"1644\" class=\"elementor elementor-1644\">\n\t\t\t\t<div class=\"elementor-element elementor-element-342f95c e-flex e-con-boxed e-con e-parent\" data-id=\"342f95c\" data-element_type=\"container\" data-e-type=\"container\">\n\t\t\t\t\t<div class=\"e-con-inner\">\n\t\t\t\t\t<\/div>\n\t\t\t\t<\/div>\n\t\t<div class=\"elementor-element elementor-element-5rfpu4f e-flex e-con-boxed e-con e-parent\" data-id=\"5rfpu4f\" data-element_type=\"container\" data-e-type=\"container\" data-settings=\"{&quot;background_background&quot;:&quot;classic&quot;}\">\n\t\t\t\t\t<div class=\"e-con-inner\">\n\t\t<div class=\"elementor-element elementor-element-c104332 e-con-full e-flex e-con e-child\" data-id=\"c104332\" data-element_type=\"container\" data-e-type=\"container\">\n\t\t\t\t<div class=\"elementor-element elementor-element-25e01e3 elementor-widget elementor-widget-heading\" data-id=\"25e01e3\" data-element_type=\"widget\" data-e-type=\"widget\" data-widget_type=\"heading.default\">\n\t\t\t\t<div class=\"elementor-widget-container\">\n\t\t\t\t\t<h1 class=\"elementor-heading-title elementor-size-default\">SI\u00c8GE<\/h1>\t\t\t\t<\/div>\n\t\t\t\t<\/div>\n\t\t\t\t<\/div>\n\t\t\t\t\t<\/div>\n\t\t\t\t<\/div>\n\t\t\t\t<section class=\"elementor-section elementor-top-section elementor-element elementor-element-01gq3rm elementor-section-content-middle elementor-section-boxed elementor-section-height-default elementor-section-height-default\" data-id=\"01gq3rm\" data-element_type=\"section\" data-e-type=\"section\" data-settings=\"{&quot;background_background&quot;:&quot;classic&quot;}\">\n\t\t\t\t\t\t<div class=\"elementor-container elementor-column-gap-no\">\n\t\t\t\t\t<div class=\"elementor-column elementor-col-50 elementor-top-column elementor-element elementor-element-c41f378\" data-id=\"c41f378\" data-element_type=\"column\" data-e-type=\"column\" data-settings=\"{&quot;background_background&quot;:&quot;classic&quot;}\">\n\t\t\t<div class=\"elementor-widget-wrap elementor-element-populated\">\n\t\t\t\t\t\t<div class=\"elementor-element elementor-element-55d464f elementor-widget__width-initial elementor-widget elementor-widget-text-editor\" data-id=\"55d464f\" data-element_type=\"widget\" data-e-type=\"widget\" data-widget_type=\"text-editor.default\">\n\t\t\t\t<div class=\"elementor-widget-container\">\n\t\t\t\t\t\t\t\t\t<p><strong>Pr\u00e9sident : <\/strong>Bernard HANTSON<\/p><p><strong>Directeur des\u00a0<\/strong><strong>Etablissements et Services :\u00a0 <\/strong><span style=\"font-style: inherit;font-weight: inherit\">Fr\u00e9d\u00e9ric RIDEAU<\/span><\/p><p><strong>Directeur p\u00f4le enfant :<\/strong> Damien TERLE<\/p><p><strong>Directrice p\u00f4le adulte :<\/strong> St\u00e9phanie POGORELY<\/p><p><strong>Adjointe de direction\/RRH:<\/strong> Ilona LUACES<\/p><p><strong>Gestionnaire comptable :<\/strong> Isabelle VERDUN<\/p>\t\t\t\t\t\t\t\t<\/div>\n\t\t\t\t<\/div>\n\t\t\t\t\t<\/div>\n\t\t<\/div>\n\t\t\t\t<div class=\"elementor-column elementor-col-50 elementor-top-column elementor-element elementor-element-57f14dc\" data-id=\"57f14dc\" data-element_type=\"column\" data-e-type=\"column\">\n\t\t\t<div class=\"elementor-widget-wrap elementor-element-populated\">\n\t\t\t\t\t\t<div class=\"elementor-element elementor-element-0e0528d elementor-widget elementor-widget-google_maps\" data-id=\"0e0528d\" data-element_type=\"widget\" data-e-type=\"widget\" data-widget_type=\"google_maps.default\">\n\t\t\t\t<div class=\"elementor-widget-container\">\n\t\t\t\t\t\t\t<div class=\"elementor-custom-embed\">\n\t\t\t<iframe loading=\"lazy\"\n\t\t\t\t\tsrc=\"https:\/\/maps.google.com\/maps?q=12%20bd%20Mar%C3%A9chal%20joffre%2043000&#038;t=m&#038;z=16&#038;output=embed&#038;iwloc=near\"\n\t\t\t\t\ttitle=\"12 bd Mar\u00e9chal joffre 43000\"\n\t\t\t\t\taria-label=\"12 bd Mar\u00e9chal joffre 43000\"\n\t\t\t><\/iframe>\n\t\t<\/div>\n\t\t\t\t\t\t<\/div>\n\t\t\t\t<\/div>\n\t\t\t\t\t<\/div>\n\t\t<\/div>\n\t\t\t\t\t<\/div>\n\t\t<\/section>\n\t\t<div class=\"elementor-element elementor-element-15287a5 e-flex e-con-boxed e-con e-parent\" data-id=\"15287a5\" data-element_type=\"container\" data-e-type=\"container\" data-settings=\"{&quot;background_background&quot;:&quot;classic&quot;}\">\n\t\t\t\t\t<div class=\"e-con-inner\">\n\t\t\t\t<div class=\"elementor-element elementor-element-90325b7 e-n-tabs-mobile elementor-widget elementor-widget-n-tabs\" data-id=\"90325b7\" data-element_type=\"widget\" data-e-type=\"widget\" data-settings=\"{&quot;horizontal_scroll&quot;:&quot;disable&quot;}\" data-widget_type=\"nested-tabs.default\">\n\t\t\t\t<div class=\"elementor-widget-container\">\n\t\t\t\t\t\t\t<div class=\"e-n-tabs\" data-widget-number=\"151201207\" aria-label=\"Onglets. Ouvrez des \u00e9l\u00e9ments avec Entrer ou Espace, fermez-les avec Echape et naviguez \u00e0 l&#039;aide des touches fl\u00e9ch\u00e9es.\">\n\t\t\t<div class=\"e-n-tabs-heading\" role=\"tablist\">\n\t\t\t\t\t<button id=\"e-n-tab-title-1512012071\" data-tab-title-id=\"e-n-tab-title-1512012071\" class=\"e-n-tab-title\" aria-selected=\"true\" data-tab-index=\"1\" role=\"tab\" tabindex=\"0\" aria-controls=\"e-n-tab-content-1512012071\" style=\"--n-tabs-title-order: 1;\">\n\t\t\t\t\t\t<span class=\"e-n-tab-title-text\">\n\t\t\t\tPr\u00e9sentation du si\u00e8ge\t\t\t<\/span>\n\t\t<\/button>\n\t\t\t\t\t<\/div>\n\t\t\t<div class=\"e-n-tabs-content\">\n\t\t\t\t<div id=\"e-n-tab-content-1512012071\" role=\"tabpanel\" aria-labelledby=\"e-n-tab-title-1512012071\" data-tab-index=\"1\" style=\"--n-tabs-title-order: 1;\" class=\"e-active elementor-element elementor-element-23d4d4a e-con-full e-flex e-con e-child\" data-id=\"23d4d4a\" data-element_type=\"container\" data-e-type=\"container\">\n\t\t<div class=\"elementor-element elementor-element-c16d452 e-flex e-con-boxed e-con e-child\" data-id=\"c16d452\" data-element_type=\"container\" data-e-type=\"container\" data-settings=\"{&quot;background_background&quot;:&quot;classic&quot;}\">\n\t\t\t\t\t<div class=\"e-con-inner\">\n\t\t\t\t<div class=\"elementor-element elementor-element-0b11091 elementor-widget elementor-widget-text-editor\" data-id=\"0b11091\" data-element_type=\"widget\" data-e-type=\"widget\" data-widget_type=\"text-editor.default\">\n\t\t\t\t<div class=\"elementor-widget-container\">\n\t\t\t\t\t\t\t\t\t<p>Le si\u00e8ge de l&rsquo;APAJH43 assure la coordination et le pilotage des neuf \u00e9tablissements et services de l\u2019association.<\/p><p>Il centralise les fonctions supports (Ressources Humaines, Gestion comptable et budg\u00e9taire, Qualit\u00e9 et Direction) accompagne les \u00e9quipes et veille \u00e0 la mise en \u0153uvre du projet associatif.<\/p><p>Il garantit ainsi la coh\u00e9rence des actions et la qualit\u00e9 de l\u2019accompagnement propos\u00e9.<\/p><p>\u00a0<\/p><p><span class=\"gs_tkn\"><strong><span style=\"text-decoration: underline\">Adresse :<\/span><\/strong> 12 <\/span><span class=\"gs_tkn\">Boulevard\u00a0<\/span><span class=\"gs_tkn\">Mar\u00e9chal\u00a0<\/span><span class=\"gs_tkn\">Joffre,\u00a0<\/span><span class=\"gs_tkn\">43000\u00a0<\/span><span class=\"gs_tkn\">Le\u00a0<\/span><span class=\"gs_tkn\">Puy-en-Velay<\/span><\/p><p><strong><span style=\"text-decoration: underline\">Horaires :<\/span><\/strong> Du Lundi au vendredi de 8h30 \u00e0 17h00<\/p><p><strong><span style=\"text-decoration: underline\">Standard :<\/span><\/strong> 04 71 05 28 81<\/p>\t\t\t\t\t\t\t\t<\/div>\n\t\t\t\t<\/div>\n\t\t\t\t\t<\/div>\n\t\t\t\t<\/div>\n\t\t\t\t<\/div>\n\t\t\t\t\t<\/div>\n\t\t<\/div>\n\t\t\t\t\t\t<\/div>\n\t\t\t\t<\/div>\n\t\t\t\t\t<\/div>\n\t\t\t\t<\/div>\n\t\t<div class=\"elementor-element elementor-element-3e0d2a8 e-flex e-con-boxed e-con e-parent\" data-id=\"3e0d2a8\" data-element_type=\"container\" data-e-type=\"container\">\n\t\t\t\t\t<div class=\"e-con-inner\">\n\t\t\t\t<div class=\"elementor-element elementor-element-00aab0c elementor-align-center elementor-widget elementor-widget-button\" data-id=\"00aab0c\" data-element_type=\"widget\" data-e-type=\"widget\" data-widget_type=\"button.default\">\n\t\t\t\t<div class=\"elementor-widget-container\">\n\t\t\t\t\t\t\t\t\t<div class=\"elementor-button-wrapper\">\n\t\t\t\t\t<a class=\"elementor-button elementor-button-link elementor-size-sm\" href=\"https:\/\/apajh43.fr\/wp-content\/uploads\/2025\/06\/AG-2024-1-RAPPORT-ACTIVITE-2024-ASSOCIATIF-POUR-AG-2025.pdf\" target=\"_blank\">\n\t\t\t\t\t\t<span class=\"elementor-button-content-wrapper\">\n\t\t\t\t\t\t\t\t\t<span class=\"elementor-button-text\">Rapport d'activit\u00e9 2024<\/span>\n\t\t\t\t\t<\/span>\n\t\t\t\t\t<\/a>\n\t\t\t\t<\/div>\n\t\t\t\t\t\t\t\t<\/div>\n\t\t\t\t<\/div>\n\t\t<div class=\"elementor-element elementor-element-23c436c e-con-full e-flex e-con e-child\" data-id=\"23c436c\" data-element_type=\"container\" data-e-type=\"container\">\n\t\t\t\t<div class=\"elementor-element elementor-element-be821f6 elementor-widget elementor-widget-heading\" data-id=\"be821f6\" data-element_type=\"widget\" data-e-type=\"widget\" data-widget_type=\"heading.default\">\n\t\t\t\t<div class=\"elementor-widget-container\">\n\t\t\t\t\t<h2 class=\"elementor-heading-title elementor-size-default\">Actualit\u00e9s du siege<\/h2>\t\t\t\t<\/div>\n\t\t\t\t<\/div>\n\t\t<div class=\"elementor-element elementor-element-a67fe55 e-con-full e-flex e-con e-child\" data-id=\"a67fe55\" data-element_type=\"container\" data-e-type=\"container\">\n\t\t\t\t<div class=\"elementor-element elementor-element-d15be27 elementor-grid-eael-col-4 elementor-grid-tablet-eael-col-2 elementor-grid-mobile-eael-col-1 elementor-widget elementor-widget-eael-post-grid\" data-id=\"d15be27\" data-element_type=\"widget\" data-e-type=\"widget\" data-settings=\"{&quot;eael_post_grid_columns&quot;:&quot;eael-col-4&quot;,&quot;eael_post_grid_columns_tablet&quot;:&quot;eael-col-2&quot;,&quot;eael_post_grid_columns_mobile&quot;:&quot;eael-col-1&quot;}\" data-widget_type=\"eael-post-grid.default\">\n\t\t\t\t<div class=\"elementor-widget-container\">\n\t\t\t\t\t<div id=\"eael-post-grid-d15be27\" class=\"eael-post-grid-container\">\n            <div class=\"eael-post-grid eael-post-appender eael-post-appender-d15be27 eael-post-grid-style-two\" data-layout-mode=\"masonry\"><article class=\"eael-grid-post  eael-post-grid-column eael-pg-post-3343 category-actualites-siege-vie-associative\" data-id=\"3343\">\n    <div class=\"eael-grid-post-holder\">\n        <div class=\"eael-grid-post-holder-inner\"><div class=\"eael-entry-media\"><div class=\"eael-entry-overlay fade-in\"><i class=\"fas fa-long-arrow-alt-right\" aria-hidden=\"true\"><\/i><a href=\"https:\/\/apajh43.fr\/index.php\/2026\/03\/24\/invitation-a-lassemblee-generale-de-lapajh43\/\"><\/a><\/div><div class=\"eael-entry-thumbnail \">\n                            <img fetchpriority=\"high\" decoding=\"async\" width=\"300\" height=\"226\" src=\"https:\/\/apajh43.fr\/wp-content\/uploads\/2026\/03\/Affiche-Evenement-Assemblee-Generale-Illustree-Coloree-Vert-Bleu-1-1-300x226.png\" class=\"attachment-medium size-medium wp-image-3353\" alt=\"\" srcset=\"https:\/\/apajh43.fr\/wp-content\/uploads\/2026\/03\/Affiche-Evenement-Assemblee-Generale-Illustree-Coloree-Vert-Bleu-1-1-300x226.png 300w, https:\/\/apajh43.fr\/wp-content\/uploads\/2026\/03\/Affiche-Evenement-Assemblee-Generale-Illustree-Coloree-Vert-Bleu-1-1-1024x773.png 1024w, https:\/\/apajh43.fr\/wp-content\/uploads\/2026\/03\/Affiche-Evenement-Assemblee-Generale-Illustree-Coloree-Vert-Bleu-1-1-768x580.png 768w, https:\/\/apajh43.fr\/wp-content\/uploads\/2026\/03\/Affiche-Evenement-Assemblee-Generale-Illustree-Coloree-Vert-Bleu-1-1.png 1411w\" sizes=\"(max-width: 300px) 100vw, 300px\" \/>\n                            <\/div>\n                    <\/div><div class=\"eael-entry-wrapper\"><header class=\"eael-entry-header\"><h2 class=\"eael-entry-title\"><a class=\"eael-grid-post-link\" href=\"https:\/\/apajh43.fr\/index.php\/2026\/03\/24\/invitation-a-lassemblee-generale-de-lapajh43\/\" title=\"Invitation \u00e0 l&rsquo;assembl\u00e9e g\u00e9n\u00e9rale de l&rsquo;APAJH43\">Invitation \u00e0 l&rsquo;assembl\u00e9e g\u00e9n\u00e9rale de l&rsquo;APAJH43<\/a><\/h2><\/header><div class=\"eael-entry-content\">\n                                <div class=\"eael-grid-post-excerpt\"><p>Bonjour \u00e0 toutes et tous, Veuillez trouver ci-joint l&rsquo;invitation \u00e0...<\/p><a href=\"https:\/\/apajh43.fr\/index.php\/2026\/03\/24\/invitation-a-lassemblee-generale-de-lapajh43\/\" class=\"eael-post-elements-readmore-btn\">Read More<\/a><\/div>\n                            <\/div><div class=\"eael-entry-header-after style-two\"><div class=\"eael-entry-meta\"><span class=\"eael-meta-posted-on\"><i class=\"far fa-clock\"><\/i><time datetime=\"24 mars 2026\">24 mars 2026<\/time><\/span><\/div><\/div><\/div><\/div>\n    <\/div>\n<\/article><article class=\"eael-grid-post  eael-post-grid-column eael-pg-post-2955 category-actualites-siege\" data-id=\"2955\">\n    <div class=\"eael-grid-post-holder\">\n        <div class=\"eael-grid-post-holder-inner\"><div class=\"eael-entry-media\"><div class=\"eael-entry-overlay fade-in\"><i class=\"fas fa-long-arrow-alt-right\" aria-hidden=\"true\"><\/i><a href=\"https:\/\/apajh43.fr\/index.php\/2026\/02\/13\/le-numerique-au-service-des-accompagnements\/\"><\/a><\/div><div class=\"eael-entry-thumbnail \">\n                            <img decoding=\"async\" width=\"300\" height=\"150\" src=\"https:\/\/apajh43.fr\/wp-content\/uploads\/2026\/02\/Best-Practices-for-Data-Backup-and-Recovery-in-Healthcare-IT-300x150.png\" class=\"attachment-medium size-medium wp-image-2964\" alt=\"\" srcset=\"https:\/\/apajh43.fr\/wp-content\/uploads\/2026\/02\/Best-Practices-for-Data-Backup-and-Recovery-in-Healthcare-IT-300x150.png 300w, https:\/\/apajh43.fr\/wp-content\/uploads\/2026\/02\/Best-Practices-for-Data-Backup-and-Recovery-in-Healthcare-IT.png 750w\" sizes=\"(max-width: 300px) 100vw, 300px\" \/>\n                            <\/div>\n                    <\/div><div class=\"eael-entry-wrapper\"><header class=\"eael-entry-header\"><h2 class=\"eael-entry-title\"><a class=\"eael-grid-post-link\" href=\"https:\/\/apajh43.fr\/index.php\/2026\/02\/13\/le-numerique-au-service-des-accompagnements\/\" title=\"Le num\u00e9rique au service des accompagnements\">Le num\u00e9rique au service des accompagnements<\/a><\/h2><\/header><div class=\"eael-entry-content\">\n                                <div class=\"eael-grid-post-excerpt\"><p>Le num\u00e9rique au service des accompagnements : un enjeu majeur...<\/p><a href=\"https:\/\/apajh43.fr\/index.php\/2026\/02\/13\/le-numerique-au-service-des-accompagnements\/\" class=\"eael-post-elements-readmore-btn\">Read More<\/a><\/div>\n                            <\/div><div class=\"eael-entry-header-after style-two\"><div class=\"eael-entry-meta\"><span class=\"eael-meta-posted-on\"><i class=\"far fa-clock\"><\/i><time datetime=\"13 f\u00e9vrier 2026\">13 f\u00e9vrier 2026<\/time><\/span><\/div><\/div><\/div><\/div>\n    <\/div>\n<\/article><article class=\"eael-grid-post  eael-post-grid-column eael-pg-post-2515 category-actualites-siege\" data-id=\"2515\">\n    <div class=\"eael-grid-post-holder\">\n        <div class=\"eael-grid-post-holder-inner\"><div class=\"eael-entry-media\"><div class=\"eael-entry-overlay fade-in\"><i class=\"fas fa-long-arrow-alt-right\" aria-hidden=\"true\"><\/i><a href=\"https:\/\/apajh43.fr\/index.php\/2025\/09\/24\/le-gams-vous-rappelle-les-20-ans-de-loi-handicap\/\"><\/a><\/div><div class=\"eael-entry-thumbnail \">\n                            <img decoding=\"async\" width=\"300\" height=\"225\" src=\"https:\/\/apajh43.fr\/wp-content\/uploads\/2025\/10\/1000013388-300x225.jpg\" class=\"attachment-medium size-medium wp-image-2517\" alt=\"\" srcset=\"https:\/\/apajh43.fr\/wp-content\/uploads\/2025\/10\/1000013388-300x225.jpg 300w, https:\/\/apajh43.fr\/wp-content\/uploads\/2025\/10\/1000013388-1024x768.jpg 1024w, https:\/\/apajh43.fr\/wp-content\/uploads\/2025\/10\/1000013388-768x576.jpg 768w, https:\/\/apajh43.fr\/wp-content\/uploads\/2025\/10\/1000013388-1536x1152.jpg 1536w, https:\/\/apajh43.fr\/wp-content\/uploads\/2025\/10\/1000013388.jpg 1600w\" sizes=\"(max-width: 300px) 100vw, 300px\" \/>\n                            <\/div>\n                    <\/div><div class=\"eael-entry-wrapper\"><header class=\"eael-entry-header\"><h2 class=\"eael-entry-title\"><a class=\"eael-grid-post-link\" href=\"https:\/\/apajh43.fr\/index.php\/2025\/09\/24\/le-gams-vous-rappelle-les-20-ans-de-loi-handicap\/\" title=\"Le GAMS vous rappelle les 20 ans de Loi Handicap\">Le GAMS vous rappelle les 20 ans de Loi Handicap<\/a><\/h2><\/header><div class=\"eael-entry-content\">\n                                <div class=\"eael-grid-post-excerpt\"><p>Le 24 septembre, dans la salle du Conseil D\u00e9partemental, le...<\/p><a href=\"https:\/\/apajh43.fr\/index.php\/2025\/09\/24\/le-gams-vous-rappelle-les-20-ans-de-loi-handicap\/\" class=\"eael-post-elements-readmore-btn\">Read More<\/a><\/div>\n                            <\/div><div class=\"eael-entry-header-after style-two\"><div class=\"eael-entry-meta\"><span class=\"eael-meta-posted-on\"><i class=\"far fa-clock\"><\/i><time datetime=\"24 septembre 2025\">24 septembre 2025<\/time><\/span><\/div><\/div><\/div><\/div>\n    <\/div>\n<\/article><article class=\"eael-grid-post  eael-post-grid-column eael-pg-post-2499 category-actualites-siege\" data-id=\"2499\">\n    <div class=\"eael-grid-post-holder\">\n        <div class=\"eael-grid-post-holder-inner\"><div class=\"eael-entry-media\"><div class=\"eael-entry-overlay fade-in\"><i class=\"fas fa-long-arrow-alt-right\" aria-hidden=\"true\"><\/i><a href=\"https:\/\/apajh43.fr\/index.php\/2025\/08\/27\/journee-des-professionnels-et-des-elus\/\"><\/a><\/div><div class=\"eael-entry-thumbnail \">\n                            <img loading=\"lazy\" decoding=\"async\" width=\"300\" height=\"135\" src=\"https:\/\/apajh43.fr\/wp-content\/uploads\/2025\/10\/20250827_105032-300x135.jpg\" class=\"attachment-medium size-medium wp-image-2501\" alt=\"\" srcset=\"https:\/\/apajh43.fr\/wp-content\/uploads\/2025\/10\/20250827_105032-300x135.jpg 300w, https:\/\/apajh43.fr\/wp-content\/uploads\/2025\/10\/20250827_105032-1024x461.jpg 1024w, https:\/\/apajh43.fr\/wp-content\/uploads\/2025\/10\/20250827_105032-768x346.jpg 768w, https:\/\/apajh43.fr\/wp-content\/uploads\/2025\/10\/20250827_105032-1536x691.jpg 1536w, https:\/\/apajh43.fr\/wp-content\/uploads\/2025\/10\/20250827_105032-2048x922.jpg 2048w\" sizes=\"(max-width: 300px) 100vw, 300px\" \/>\n                            <\/div>\n                    <\/div><div class=\"eael-entry-wrapper\"><header class=\"eael-entry-header\"><h2 class=\"eael-entry-title\"><a class=\"eael-grid-post-link\" href=\"https:\/\/apajh43.fr\/index.php\/2025\/08\/27\/journee-des-professionnels-et-des-elus\/\" title=\"Journ\u00e9e des Professionnels et des \u00e9lus\">Journ\u00e9e des Professionnels et des \u00e9lus<\/a><\/h2><\/header><div class=\"eael-entry-content\">\n                                <div class=\"eael-grid-post-excerpt\"><p>Le 27 ao\u00fbt, \u00e0 \u00ab\u00a0La Brasserie du Digital\u00a0\u00bb au Puy...<\/p><a href=\"https:\/\/apajh43.fr\/index.php\/2025\/08\/27\/journee-des-professionnels-et-des-elus\/\" class=\"eael-post-elements-readmore-btn\">Read More<\/a><\/div>\n                            <\/div><div class=\"eael-entry-header-after style-two\"><div class=\"eael-entry-meta\"><span class=\"eael-meta-posted-on\"><i class=\"far fa-clock\"><\/i><time datetime=\"27 ao\u00fbt 2025\">27 ao\u00fbt 2025<\/time><\/span><\/div><\/div><\/div><\/div>\n    <\/div>\n<\/article><\/div>\n            <div class=\"clearfix\"><\/div>\n        <\/div>            <div class=\"eael-load-more-button-wrap eael-force-hide\">\n                <button class=\"eael-load-more-button\" id=\"eael-load-more-btn-d15be27\" data-widget-id=\"d15be27\" data-widget=\"d15be27\" data-page-id=\"1644\" data-template=\"{&quot;dir&quot;:&quot;lite&quot;,&quot;file_name&quot;:&quot;two.php&quot;,&quot;name&quot;:&quot;Post-Grid&quot;}\" data-class=\"Essential_Addons_Elementor\\Elements\\Post_Grid\" data-layout=\"masonry\" data-page=\"1\" data-args=\"orderby=date&amp;order=desc&amp;ignore_sticky_posts=1&amp;post_status=publish&amp;posts_per_page=4&amp;offset=0&amp;post_type=post&amp;tax_query%5B0%5D%5Btaxonomy%5D=category&amp;tax_query%5B0%5D%5Bfield%5D=term_id&amp;tax_query%5B0%5D%5Bterms%5D%5B0%5D=16&amp;tax_query%5Brelation%5D=AND\" data-max-page=\"2\">\n                    <span class=\"eael-btn-loader button__loader\"><\/span>\n                    <span class=\"eael_load_more_text\">Load More<\/span>\n                <\/button>\n            <\/div>\n            \t\t\t\t<\/div>\n\t\t\t\t<\/div>\n\t\t\t\t<\/div>\n\t\t\t\t<div class=\"elementor-element elementor-element-794231b elementor-align-center elementor-widget elementor-widget-button\" data-id=\"794231b\" data-element_type=\"widget\" data-e-type=\"widget\" data-widget_type=\"button.default\">\n\t\t\t\t<div class=\"elementor-widget-container\">\n\t\t\t\t\t\t\t\t\t<div class=\"elementor-button-wrapper\">\n\t\t\t\t\t<a class=\"elementor-button elementor-button-link elementor-size-sm elementor-animation-grow\" href=\"https:\/\/apajh43.fr\/index.php\/actualites\/\" target=\"_blank\">\n\t\t\t\t\t\t<span class=\"elementor-button-content-wrapper\">\n\t\t\t\t\t\t\t\t\t<span class=\"elementor-button-text\">D\u00e9couvrir toutes les actualit\u00e9s<\/span>\n\t\t\t\t\t<\/span>\n\t\t\t\t\t<\/a>\n\t\t\t\t<\/div>\n\t\t\t\t\t\t\t\t<\/div>\n\t\t\t\t<\/div>\n\t\t\t\t<\/div>\n\t\t\t\t\t<\/div>\n\t\t\t\t<\/div>\n\t\t\t\t<\/div>\n\t\t","protected":false},"excerpt":{"rendered":"<p>SI\u00c8GE Pr\u00e9sident : Bernard HANTSON Directeur des\u00a0Etablissements et Services :\u00a0 Fr\u00e9d\u00e9ric RIDEAU Directeur p\u00f4le enfant : Damien TERLE Directrice p\u00f4le [&hellip;]<\/p>\n","protected":false},"author":1,"featured_media":1081,"parent":0,"menu_order":0,"comment_status":"closed","ping_status":"closed","template":"","meta":{"site-sidebar-layout":"no-sidebar","site-content-layout":"","ast-site-content-layout":"full-width-container","site-content-style":"default","site-sidebar-style":"default","ast-global-header-display":"","ast-banner-title-visibility":"","ast-main-header-display":"","ast-hfb-above-header-display":"","ast-hfb-below-header-display":"","ast-hfb-mobile-header-display":"","site-post-title":"disabled","ast-breadcrumbs-content":"","ast-featured-img":"disabled","footer-sml-layout":"","ast-disable-related-posts":"","theme-transparent-header-meta":"","adv-header-id-meta":"","stick-header-meta":"","header-above-stick-meta":"","header-main-stick-meta":"","header-below-stick-meta":"","astra-migrate-meta-layouts":"default","ast-page-background-enabled":"default","ast-page-background-meta":{"desktop":{"background-color":"var(--ast-global-color-5)","background-image":"","background-repeat":"repeat","background-position":"center center","background-size":"auto","background-attachment":"scroll","background-type":"","background-media":"","overlay-type":"","overlay-color":"","overlay-opacity":"","overlay-gradient":""},"tablet":{"background-color":"","background-image":"","background-repeat":"repeat","background-position":"center center","background-size":"auto","background-attachment":"scroll","background-type":"","background-media":"","overlay-type":"","overlay-color":"","overlay-opacity":"","overlay-gradient":""},"mobile":{"background-color":"","background-image":"","background-repeat":"repeat","background-position":"center center","background-size":"auto","background-attachment":"scroll","background-type":"","background-media":"","overlay-type":"","overlay-color":"","overlay-opacity":"","overlay-gradient":""}},"ast-content-background-meta":{"desktop":{"background-color":"var(--ast-global-color-4)","background-image":"","background-repeat":"repeat","background-position":"center center","background-size":"auto","background-attachment":"scroll","background-type":"","background-media":"","overlay-type":"","overlay-color":"","overlay-opacity":"","overlay-gradient":""},"tablet":{"background-color":"var(--ast-global-color-4)","background-image":"","background-repeat":"repeat","background-position":"center center","background-size":"auto","background-attachment":"scroll","background-type":"","background-media":"","overlay-type":"","overlay-color":"","overlay-opacity":"","overlay-gradient":""},"mobile":{"background-color":"var(--ast-global-color-4)","background-image":"","background-repeat":"repeat","background-position":"center center","background-size":"auto","background-attachment":"scroll","background-type":"","background-media":"","overlay-type":"","overlay-color":"","overlay-opacity":"","overlay-gradient":""}},"footnotes":""},"class_list":["post-1644","page","type-page","status-publish","has-post-thumbnail","hentry"],"_links":{"self":[{"href":"https:\/\/apajh43.fr\/index.php\/wp-json\/wp\/v2\/pages\/1644","targetHints":{"allow":["GET"]}}],"collection":[{"href":"https:\/\/apajh43.fr\/index.php\/wp-json\/wp\/v2\/pages"}],"about":[{"href":"https:\/\/apajh43.fr\/index.php\/wp-json\/wp\/v2\/types\/page"}],"author":[{"embeddable":true,"href":"https:\/\/apajh43.fr\/index.php\/wp-json\/wp\/v2\/users\/1"}],"replies":[{"embeddable":true,"href":"https:\/\/apajh43.fr\/index.php\/wp-json\/wp\/v2\/comments?post=1644"}],"version-history":[{"count":85,"href":"https:\/\/apajh43.fr\/index.php\/wp-json\/wp\/v2\/pages\/1644\/revisions"}],"predecessor-version":[{"id":3160,"href":"https:\/\/apajh43.fr\/index.php\/wp-json\/wp\/v2\/pages\/1644\/revisions\/3160"}],"wp:featuredmedia":[{"embeddable":true,"href":"https:\/\/apajh43.fr\/index.php\/wp-json\/wp\/v2\/media\/1081"}],"wp:attachment":[{"href":"https:\/\/apajh43.fr\/index.php\/wp-json\/wp\/v2\/media?parent=1644"}],"curies":[{"name":"wp","href":"https:\/\/api.w.org\/{rel}","templated":true}]}}