{"id":631,"date":"2025-05-28T15:46:08","date_gmt":"2025-05-28T13:46:08","guid":{"rendered":"https:\/\/apajh43.fr\/?page_id=631"},"modified":"2026-02-13T14:38:25","modified_gmt":"2026-02-13T13:38:25","slug":"uema-2","status":"publish","type":"page","link":"https:\/\/apajh43.fr\/index.php\/uema-2\/","title":{"rendered":"UEMA"},"content":{"rendered":"\t\t<div data-elementor-type=\"wp-page\" data-elementor-id=\"631\" class=\"elementor elementor-631\">\n\t\t\t\t<div class=\"elementor-element elementor-element-342f95c e-flex e-con-boxed e-con e-parent\" data-id=\"342f95c\" data-element_type=\"container\" data-e-type=\"container\">\n\t\t\t\t\t<div class=\"e-con-inner\">\n\t\t\t\t\t<\/div>\n\t\t\t\t<\/div>\n\t\t<div class=\"elementor-element elementor-element-5rfpu4f e-flex e-con-boxed e-con e-parent\" data-id=\"5rfpu4f\" data-element_type=\"container\" data-e-type=\"container\" data-settings=\"{&quot;background_background&quot;:&quot;classic&quot;}\">\n\t\t\t\t\t<div class=\"e-con-inner\">\n\t\t<div class=\"elementor-element elementor-element-c104332 e-con-full e-flex e-con e-child\" data-id=\"c104332\" data-element_type=\"container\" data-e-type=\"container\">\n\t\t\t\t<div class=\"elementor-element elementor-element-25e01e3 elementor-widget elementor-widget-heading\" data-id=\"25e01e3\" data-element_type=\"widget\" data-e-type=\"widget\" data-widget_type=\"heading.default\">\n\t\t\t\t<div class=\"elementor-widget-container\">\n\t\t\t\t\t<h1 class=\"elementor-heading-title elementor-size-default\">UEMA<\/h1>\t\t\t\t<\/div>\n\t\t\t\t<\/div>\n\t\t\t\t<\/div>\n\t\t\t\t\t<\/div>\n\t\t\t\t<\/div>\n\t\t\t\t<section class=\"elementor-section elementor-top-section elementor-element elementor-element-01gq3rm elementor-section-content-middle elementor-section-boxed elementor-section-height-default elementor-section-height-default\" data-id=\"01gq3rm\" data-element_type=\"section\" data-e-type=\"section\" data-settings=\"{&quot;background_background&quot;:&quot;classic&quot;}\">\n\t\t\t\t\t\t<div class=\"elementor-container elementor-column-gap-no\">\n\t\t\t\t\t<div class=\"elementor-column elementor-col-50 elementor-top-column elementor-element elementor-element-c41f378\" data-id=\"c41f378\" data-element_type=\"column\" data-e-type=\"column\" data-settings=\"{&quot;background_background&quot;:&quot;classic&quot;}\">\n\t\t\t<div class=\"elementor-widget-wrap elementor-element-populated\">\n\t\t\t\t\t\t<div class=\"elementor-element elementor-element-55d464f elementor-widget elementor-widget-text-editor\" data-id=\"55d464f\" data-element_type=\"widget\" data-e-type=\"widget\" data-widget_type=\"text-editor.default\">\n\t\t\t\t<div class=\"elementor-widget-container\">\n\t\t\t\t\t\t\t\t\t<p><span style=\"font-weight: bold\">Directeur des \u00c9tablissements et Services : <\/span>Fr\u00e9d\u00e9ric RIDEAU<\/p><p style=\"font-size: 18px;font-style: normal;font-weight: 400;margin-bottom: 1.6em\"><span style=\"font-weight: bold\">Directeur du p\u00f4le enfant :<\/span> Damien TERLE<\/p><div>\u00a0<\/div><p style=\"font-size: 18px;font-style: normal;font-weight: 400;margin-bottom: 1.6em\"><span style=\"font-weight: bold\">Accueil jusqu\u2019\u00e0 7 enfants.\u00a0<\/span><\/p><ul><li>Une enseignante sp\u00e9cialis\u00e9e mise \u00e0 disposition par l\u2019Education Nationale<\/li><li>Des \u00e9ducatrices sp\u00e9cialis\u00e9es de jeunes enfants<\/li><li>Une psychomotricienne<\/li><li>Une psychologue<\/li><li>Un m\u00e9decin neurop\u00e9diatre<\/li><li>Une orthophoniste<\/li><li>Une AES<\/li><\/ul>\t\t\t\t\t\t\t\t<\/div>\n\t\t\t\t<\/div>\n\t\t\t\t\t<\/div>\n\t\t<\/div>\n\t\t\t\t<div class=\"elementor-column elementor-col-50 elementor-top-column elementor-element elementor-element-57f14dc\" data-id=\"57f14dc\" data-element_type=\"column\" data-e-type=\"column\">\n\t\t\t<div class=\"elementor-widget-wrap elementor-element-populated\">\n\t\t\t\t\t\t<div class=\"elementor-element elementor-element-0e0528d elementor-widget elementor-widget-google_maps\" data-id=\"0e0528d\" data-element_type=\"widget\" data-e-type=\"widget\" data-widget_type=\"google_maps.default\">\n\t\t\t\t<div class=\"elementor-widget-container\">\n\t\t\t\t\t\t\t<div class=\"elementor-custom-embed\">\n\t\t\t<iframe loading=\"lazy\"\n\t\t\t\t\tsrc=\"https:\/\/maps.google.com\/maps?q=12%20Chemin%20via%20les%20Combes%2C%2043000%20Espaly-Saint-Marcel&#038;t=m&#038;z=15&#038;output=embed&#038;iwloc=near\"\n\t\t\t\t\ttitle=\"12 Chemin via les Combes, 43000 Espaly-Saint-Marcel\"\n\t\t\t\t\taria-label=\"12 Chemin via les Combes, 43000 Espaly-Saint-Marcel\"\n\t\t\t><\/iframe>\n\t\t<\/div>\n\t\t\t\t\t\t<\/div>\n\t\t\t\t<\/div>\n\t\t\t\t\t<\/div>\n\t\t<\/div>\n\t\t\t\t\t<\/div>\n\t\t<\/section>\n\t\t<div class=\"elementor-element elementor-element-d81c01f e-flex e-con-boxed e-con e-parent\" data-id=\"d81c01f\" data-element_type=\"container\" data-e-type=\"container\">\n\t\t\t\t\t<div class=\"e-con-inner\">\n\t\t<div class=\"elementor-element elementor-element-dd9b1c6 e-con-full e-flex e-con e-child\" data-id=\"dd9b1c6\" data-element_type=\"container\" data-e-type=\"container\">\n\t\t<div class=\"elementor-element elementor-element-4182d55 e-con-full e-flex e-con e-child\" data-id=\"4182d55\" data-element_type=\"container\" data-e-type=\"container\">\n\t\t<div class=\"elementor-element elementor-element-81d5003 e-con-full e-flex e-con e-child\" data-id=\"81d5003\" data-element_type=\"container\" data-e-type=\"container\">\n\t\t<div class=\"elementor-element elementor-element-7ef1997 e-con-full e-flex e-con e-child\" data-id=\"7ef1997\" data-element_type=\"container\" data-e-type=\"container\">\n\t\t<div class=\"elementor-element elementor-element-e89c0c2 e-con-full e-flex e-con e-child\" data-id=\"e89c0c2\" data-element_type=\"container\" data-e-type=\"container\">\n\t\t\t\t<div class=\"elementor-element elementor-element-dbc98e9 e-n-tabs-mobile elementor-widget elementor-widget-n-tabs\" data-id=\"dbc98e9\" data-element_type=\"widget\" data-e-type=\"widget\" data-settings=\"{&quot;horizontal_scroll&quot;:&quot;disable&quot;}\" data-widget_type=\"nested-tabs.default\">\n\t\t\t\t<div class=\"elementor-widget-container\">\n\t\t\t\t\t\t\t<div class=\"e-n-tabs\" data-widget-number=\"230463721\" aria-label=\"Onglets. Ouvrez des \u00e9l\u00e9ments avec Entrer ou Espace, fermez-les avec Echape et naviguez \u00e0 l&#039;aide des touches fl\u00e9ch\u00e9es.\">\n\t\t\t<div class=\"e-n-tabs-heading\" role=\"tablist\">\n\t\t\t\t\t<button id=\"e-n-tab-title-2304637211\" data-tab-title-id=\"e-n-tab-title-2304637211\" class=\"e-n-tab-title\" aria-selected=\"true\" data-tab-index=\"1\" role=\"tab\" tabindex=\"0\" aria-controls=\"e-n-tab-content-2304637211\" style=\"--n-tabs-title-order: 1;\">\n\t\t\t\t\t\t<span class=\"e-n-tab-title-text\">\n\t\t\t\tPr\u00e9sentation du service\t\t\t<\/span>\n\t\t<\/button>\n\t\t\t\t<button id=\"e-n-tab-title-2304637212\" data-tab-title-id=\"e-n-tab-title-2304637212\" class=\"e-n-tab-title\" aria-selected=\"false\" data-tab-index=\"2\" role=\"tab\" tabindex=\"-1\" aria-controls=\"e-n-tab-content-2304637212\" style=\"--n-tabs-title-order: 2;\">\n\t\t\t\t\t\t<span class=\"e-n-tab-title-text\">\n\t\t\t\tModalit\u00e9s\t\t\t<\/span>\n\t\t<\/button>\n\t\t\t\t<button id=\"e-n-tab-title-2304637213\" data-tab-title-id=\"e-n-tab-title-2304637213\" class=\"e-n-tab-title\" aria-selected=\"false\" data-tab-index=\"3\" role=\"tab\" tabindex=\"-1\" aria-controls=\"e-n-tab-content-2304637213\" style=\"--n-tabs-title-order: 3;\">\n\t\t\t\t\t\t<span class=\"e-n-tab-title-text\">\n\t\t\t\tGuidance parentale\t\t\t<\/span>\n\t\t<\/button>\n\t\t\t\t\t<\/div>\n\t\t\t<div class=\"e-n-tabs-content\">\n\t\t\t\t<div id=\"e-n-tab-content-2304637211\" role=\"tabpanel\" aria-labelledby=\"e-n-tab-title-2304637211\" data-tab-index=\"1\" style=\"--n-tabs-title-order: 1;\" class=\"e-active elementor-element elementor-element-5ed95ad e-con-full e-flex e-con e-child\" data-id=\"5ed95ad\" data-element_type=\"container\" data-e-type=\"container\">\n\t\t<div class=\"elementor-element elementor-element-29a55b5 e-flex e-con-boxed e-con e-child\" data-id=\"29a55b5\" data-element_type=\"container\" data-e-type=\"container\">\n\t\t\t\t\t<div class=\"e-con-inner\">\n\t\t\t\t<div class=\"elementor-element elementor-element-23cf50a elementor-widget elementor-widget-text-editor\" data-id=\"23cf50a\" data-element_type=\"widget\" data-e-type=\"widget\" data-widget_type=\"text-editor.default\">\n\t\t\t\t<div class=\"elementor-widget-container\">\n\t\t\t\t\t\t\t\t\t <p>\n    L\u2019Unit\u00e9 d\u2019Enseignement Maternelle Autisme (UEMA) est une modalit\u00e9 de scolarisation destin\u00e9e aux enfants d\u2019\u00e2ge maternel atteints de troubles du spectre de l\u2019autisme. Implant\u00e9e au sein de l\u2019\u00e9cole maternelle d\u2019Espaly Saint-Marcel, elle d\u00e9pend du SSESD.\n  <\/p>\n\n  <p>\n    Les enfants, \u00e2g\u00e9s de 3 \u00e0 6 ans, sont orient\u00e9s par la MDPH. Ils b\u00e9n\u00e9ficient, sur une unit\u00e9 de temps et de lieu, d\u2019interventions p\u00e9dagogiques, \u00e9ducatives et th\u00e9rapeutiques, conform\u00e9ment aux recommandations de bonnes pratiques de la HAS. L\u2019accueil se fait \u00e0 temps plein, selon les horaires de l\u2019\u00e9cole.\n  <\/p>\n\n  <p>\n    L\u2019UEMA accueille des enfants n\u2019ayant pas acquis suffisamment d\u2019autonomie, de langage et\/ou pr\u00e9sentant d\u2019importants comportements probl\u00e8mes. Le nombre de places est fix\u00e9 r\u00e9glementairement \u00e0 7 enfants par unit\u00e9.\n  <\/p>\n\n  <p>\n    L\u2019\u00e9quipe pluridisciplinaire est compos\u00e9e de :\n  <\/p>\n  \n    <ul>\n      <li>Une enseignante sp\u00e9cialis\u00e9e mise \u00e0 disposition par l\u2019\u00c9ducation Nationale<\/li>\n      <li>Des \u00e9ducatrices sp\u00e9cialis\u00e9es ou de jeunes enfants<\/li>\n      <li>Une psychomotricienne<\/li>\n      <li>Une psychologue<\/li>\n      <li>Un m\u00e9decin neurop\u00e9diatre<\/li>\n      <li>Une ortophoniste<\/li>\n      <li>Une AES<\/li>\n    <\/ul>\t\t\t\t\t\t\t\t<\/div>\n\t\t\t\t<\/div>\n\t\t\t\t\t<\/div>\n\t\t\t\t<\/div>\n\t\t\t\t<\/div>\n\t\t<div id=\"e-n-tab-content-2304637212\" role=\"tabpanel\" aria-labelledby=\"e-n-tab-title-2304637212\" data-tab-index=\"2\" style=\"--n-tabs-title-order: 2;\" class=\" elementor-element elementor-element-55ecb0b e-con-full e-flex e-con e-child\" data-id=\"55ecb0b\" data-element_type=\"container\" data-e-type=\"container\">\n\t\t<div class=\"elementor-element elementor-element-ddc61d5 e-flex e-con-boxed e-con e-child\" data-id=\"ddc61d5\" data-element_type=\"container\" data-e-type=\"container\">\n\t\t\t\t\t<div class=\"e-con-inner\">\n\t\t\t\t<div class=\"elementor-element elementor-element-fba4e0e elementor-widget elementor-widget-text-editor\" data-id=\"fba4e0e\" data-element_type=\"widget\" data-e-type=\"widget\" data-widget_type=\"text-editor.default\">\n\t\t\t\t<div class=\"elementor-widget-container\">\n\t\t\t\t\t\t\t\t\tLes enfants sont orient\u00e9s en UEMA par la MDPH.\n\nIls sont obligatoirement scolaris\u00e9s \u00e0 temps plein. Un transport peut \u00eatre mis en place par le service.\n\nDans un espace sp\u00e9cialement am\u00e9nag\u00e9, ils b\u00e9n\u00e9ficient d\u2019un cadre sp\u00e9cifique et s\u00e9curisant permettant de proposer des temps individuels et collectifs autour d\u2019un parcours de scolarisation dans le cadre des programmes de l\u2019\u00c9ducation Nationale, du socle commun de connaissances, de comp\u00e9tences et de culture, et d\u2019actions \u00e9ducatives et th\u00e9rapeutiques.\n\nLes actions p\u00e9dagogiques et \u00e9ducatives sont r\u00e9alis\u00e9es dans la classe selon un emploi du temps clairement \u00e9tabli et individualis\u00e9.\n\nChaque enfant b\u00e9n\u00e9ficie selon ses besoins d\u2019un accompagnement permettant de travailler sur les domaines suivants :\n<ul>\n \t<li>La communication et le langage<\/li>\n \t<li>Les interactions sociales<\/li>\n \t<li>Les domaines cognitif, sensoriel, moteur, les \u00e9motions, le comportement<\/li>\n \t<li>L\u2019autonomie quotidienne<\/li>\n \t<li>Le soutien aux apprentissages scolaires<\/li>\n<\/ul>\nDes temps d\u2019inclusion sont \u00e9galement programm\u00e9s en fonction de la situation de l\u2019enfant et seront progressivement augment\u00e9s. Ces temps sont accompagn\u00e9s par l\u2019\u00e9quipe \u00e9ducative.\n<p>\n    Les enfants ont acc\u00e8s \u00e0 la restauration scolaire, accompagn\u00e9s par l\u2019\u00e9quipe m\u00e9dico-sociale, ce qui permet de travailler la s\u00e9lectivit\u00e9 alimentaire, le comportement \u00e0 table, les relations sociales\u2026\n  <\/p>\n\n  <p>\n    En dehors des temps scolaires, l\u2019\u00e9quipe m\u00e9dico-sociale peut accompagner vers de l\u2019inclusion sur les temps de loisirs (ALSH, activit\u00e9s sportives\u2026), proposer des activit\u00e9s en groupe et une guidance parentale.\n  <\/p>\t\t\t\t\t\t\t\t<\/div>\n\t\t\t\t<\/div>\n\t\t\t\t\t<\/div>\n\t\t\t\t<\/div>\n\t\t\t\t<\/div>\n\t\t<div id=\"e-n-tab-content-2304637213\" role=\"tabpanel\" aria-labelledby=\"e-n-tab-title-2304637213\" data-tab-index=\"3\" style=\"--n-tabs-title-order: 3;\" class=\" elementor-element elementor-element-2afc521 e-con-full e-flex e-con e-child\" data-id=\"2afc521\" data-element_type=\"container\" data-e-type=\"container\">\n\t\t<div class=\"elementor-element elementor-element-070d73a e-flex e-con-boxed e-con e-child\" data-id=\"070d73a\" data-element_type=\"container\" data-e-type=\"container\">\n\t\t\t\t\t<div class=\"e-con-inner\">\n\t\t\t\t<div class=\"elementor-element elementor-element-81909f5 elementor-widget elementor-widget-text-editor\" data-id=\"81909f5\" data-element_type=\"widget\" data-e-type=\"widget\" data-widget_type=\"text-editor.default\">\n\t\t\t\t<div class=\"elementor-widget-container\">\n\t\t\t\t\t\t\t\t\t    L\u2019\u00e9quipe m\u00e9dico-sociale propose aux familles un accompagnement :\n  <\/p>\n  <ul>\n    <li>Pour comprendre le fonctionnement de leur enfant et des techniques \u00e0 mettre en place.<\/li>\n    <li>Pour renforcer les comp\u00e9tences parentales.<\/li>\n    <li>Pour offrir un espace de parole.<\/li>\n  <\/ul>\n  <p>\n    Cela se traduit par des rencontres r\u00e9guli\u00e8res \u00e0 domicile ou \u00e0 l\u2019\u00e9cole.\n  <\/p>\t\t\t\t\t\t\t\t<\/div>\n\t\t\t\t<\/div>\n\t\t\t\t\t<\/div>\n\t\t\t\t<\/div>\n\t\t\t\t<\/div>\n\t\t\t\t\t<\/div>\n\t\t<\/div>\n\t\t\t\t\t\t<\/div>\n\t\t\t\t<\/div>\n\t\t\t\t<\/div>\n\t\t\t\t<\/div>\n\t\t\t\t<\/div>\n\t\t\t\t<\/div>\n\t\t\t\t<\/div>\n\t\t\t\t\t<\/div>\n\t\t\t\t<\/div>\n\t\t<div class=\"elementor-element elementor-element-679afb8 e-flex e-con-boxed e-con e-parent\" data-id=\"679afb8\" data-element_type=\"container\" data-e-type=\"container\">\n\t\t\t\t\t<div class=\"e-con-inner\">\n\t\t\t\t<div class=\"elementor-element elementor-element-5320606 elementor-widget elementor-widget-heading\" data-id=\"5320606\" data-element_type=\"widget\" data-e-type=\"widget\" data-widget_type=\"heading.default\">\n\t\t\t\t<div class=\"elementor-widget-container\">\n\t\t\t\t\t<h2 class=\"elementor-heading-title elementor-size-default\">Actualit\u00e9s du service<\/h2>\t\t\t\t<\/div>\n\t\t\t\t<\/div>\n\t\t\t\t\t<\/div>\n\t\t\t\t<\/div>\n\t\t<div class=\"elementor-element elementor-element-5d0388e e-flex e-con-boxed e-con e-parent\" data-id=\"5d0388e\" data-element_type=\"container\" data-e-type=\"container\">\n\t\t\t\t\t<div class=\"e-con-inner\">\n\t\t\t\t<div class=\"elementor-element elementor-element-fc6869d elementor-grid-eael-col-3 elementor-grid-tablet-eael-col-2 elementor-grid-mobile-eael-col-1 elementor-widget elementor-widget-eael-post-grid\" data-id=\"fc6869d\" data-element_type=\"widget\" data-e-type=\"widget\" data-settings=\"{&quot;eael_post_grid_columns&quot;:&quot;eael-col-3&quot;,&quot;eael_post_grid_columns_tablet&quot;:&quot;eael-col-2&quot;,&quot;eael_post_grid_columns_mobile&quot;:&quot;eael-col-1&quot;}\" data-widget_type=\"eael-post-grid.default\">\n\t\t\t\t<div class=\"elementor-widget-container\">\n\t\t\t\t\t<div id=\"eael-post-grid-fc6869d\" class=\"eael-post-grid-container\">\n            <div class=\"eael-post-grid eael-post-appender eael-post-appender-fc6869d eael-post-grid-style-two\" data-layout-mode=\"masonry\"><article class=\"eael-grid-post  eael-post-grid-column eael-pg-post-2581 category-pole-enfance-uema-vie-associative\" data-id=\"2581\">\n    <div class=\"eael-grid-post-holder\">\n        <div class=\"eael-grid-post-holder-inner\"><div class=\"eael-entry-media\"><div class=\"eael-entry-overlay fade-in\"><i class=\"fas fa-long-arrow-alt-right\" aria-hidden=\"true\"><\/i><a href=\"https:\/\/apajh43.fr\/index.php\/2025\/10\/21\/semaine-du-gout-a-lecole\/\"><\/a><\/div><div class=\"eael-entry-thumbnail \">\n                            <img fetchpriority=\"high\" decoding=\"async\" width=\"300\" height=\"225\" src=\"https:\/\/apajh43.fr\/wp-content\/uploads\/2025\/10\/2202411755773380353-300x225.jpg\" class=\"attachment-medium size-medium wp-image-2584\" alt=\"\" srcset=\"https:\/\/apajh43.fr\/wp-content\/uploads\/2025\/10\/2202411755773380353-300x225.jpg 300w, https:\/\/apajh43.fr\/wp-content\/uploads\/2025\/10\/2202411755773380353-1024x768.jpg 1024w, https:\/\/apajh43.fr\/wp-content\/uploads\/2025\/10\/2202411755773380353-768x576.jpg 768w, https:\/\/apajh43.fr\/wp-content\/uploads\/2025\/10\/2202411755773380353-1536x1152.jpg 1536w, https:\/\/apajh43.fr\/wp-content\/uploads\/2025\/10\/2202411755773380353.jpg 1600w\" sizes=\"(max-width: 300px) 100vw, 300px\" \/>\n                            <\/div>\n                    <\/div><div class=\"eael-entry-wrapper\"><header class=\"eael-entry-header\"><h2 class=\"eael-entry-title\"><a class=\"eael-grid-post-link\" href=\"https:\/\/apajh43.fr\/index.php\/2025\/10\/21\/semaine-du-gout-a-lecole\/\" title=\"Semaine du go\u00fbt \u00e0 l&rsquo;\u00e9cole\">Semaine du go\u00fbt \u00e0 l&rsquo;\u00e9cole<\/a><\/h2><\/header><div class=\"eael-entry-content\">\n                                <div class=\"eael-grid-post-excerpt\"><p>Les enfants de l&rsquo;UEMA ont particip\u00e9 \u00e0 la semaine du...<\/p><\/div>\n                            <\/div><div class=\"eael-entry-header-after style-two\"><div class=\"eael-entry-meta\"><span class=\"eael-meta-posted-on\"><i class=\"far fa-clock\"><\/i><time datetime=\"21 octobre 2025\">21 octobre 2025<\/time><\/span><\/div><\/div><\/div><\/div>\n    <\/div>\n<\/article><article class=\"eael-grid-post  eael-post-grid-column eael-pg-post-2560 category-pole-enfance-uema-vie-associative\" data-id=\"2560\">\n    <div class=\"eael-grid-post-holder\">\n        <div class=\"eael-grid-post-holder-inner\"><div class=\"eael-entry-media\"><div class=\"eael-entry-overlay fade-in\"><i class=\"fas fa-long-arrow-alt-right\" aria-hidden=\"true\"><\/i><a href=\"https:\/\/apajh43.fr\/index.php\/2025\/10\/09\/temps-de-desensibilisation-a-lautisme\/\"><\/a><\/div><div class=\"eael-entry-thumbnail \">\n                            <img decoding=\"async\" width=\"300\" height=\"274\" src=\"https:\/\/apajh43.fr\/wp-content\/uploads\/2025\/10\/WhatsApp-Image-2025-09-26-at-11.46.32-300x274.jpeg\" class=\"attachment-medium size-medium wp-image-2561\" alt=\"\" srcset=\"https:\/\/apajh43.fr\/wp-content\/uploads\/2025\/10\/WhatsApp-Image-2025-09-26-at-11.46.32-300x274.jpeg 300w, https:\/\/apajh43.fr\/wp-content\/uploads\/2025\/10\/WhatsApp-Image-2025-09-26-at-11.46.32-1024x934.jpeg 1024w, https:\/\/apajh43.fr\/wp-content\/uploads\/2025\/10\/WhatsApp-Image-2025-09-26-at-11.46.32-768x701.jpeg 768w, https:\/\/apajh43.fr\/wp-content\/uploads\/2025\/10\/WhatsApp-Image-2025-09-26-at-11.46.32-1536x1402.jpeg 1536w, https:\/\/apajh43.fr\/wp-content\/uploads\/2025\/10\/WhatsApp-Image-2025-09-26-at-11.46.32.jpeg 1657w\" sizes=\"(max-width: 300px) 100vw, 300px\" \/>\n                            <\/div>\n                    <\/div><div class=\"eael-entry-wrapper\"><header class=\"eael-entry-header\"><h2 class=\"eael-entry-title\"><a class=\"eael-grid-post-link\" href=\"https:\/\/apajh43.fr\/index.php\/2025\/10\/09\/temps-de-desensibilisation-a-lautisme\/\" title=\"Temps de sensibilisation \u00e0 l&rsquo;autisme\">Temps de sensibilisation \u00e0 l&rsquo;autisme<\/a><\/h2><\/header><div class=\"eael-entry-content\">\n                                <div class=\"eael-grid-post-excerpt\"><p>La psychologue de l\u2019UEMA est intervenue r\u00e9cemment dans les classes...<\/p><\/div>\n                            <\/div><div class=\"eael-entry-header-after style-two\"><div class=\"eael-entry-meta\"><span class=\"eael-meta-posted-on\"><i class=\"far fa-clock\"><\/i><time datetime=\"9 octobre 2025\">9 octobre 2025<\/time><\/span><\/div><\/div><\/div><\/div>\n    <\/div>\n<\/article><\/div>\n            <div class=\"clearfix\"><\/div>\n        <\/div>\t\t\t\t<\/div>\n\t\t\t\t<\/div>\n\t\t\t\t\t<\/div>\n\t\t\t\t<\/div>\n\t\t<div class=\"elementor-element elementor-element-621d0fe e-flex e-con-boxed e-con e-parent\" data-id=\"621d0fe\" data-element_type=\"container\" data-e-type=\"container\">\n\t\t\t\t\t<div class=\"e-con-inner\">\n\t\t\t\t<div class=\"elementor-element elementor-element-794231b elementor-align-center elementor-widget elementor-widget-button\" data-id=\"794231b\" data-element_type=\"widget\" data-e-type=\"widget\" data-widget_type=\"button.default\">\n\t\t\t\t<div class=\"elementor-widget-container\">\n\t\t\t\t\t\t\t\t\t<div class=\"elementor-button-wrapper\">\n\t\t\t\t\t<a class=\"elementor-button elementor-button-link elementor-size-sm elementor-animation-grow\" href=\"https:\/\/apajh43.fr\/index.php\/actualites\/\">\n\t\t\t\t\t\t<span class=\"elementor-button-content-wrapper\">\n\t\t\t\t\t\t\t\t\t<span class=\"elementor-button-text\">D\u00e9couvrir toutes les actualit\u00e9s<\/span>\n\t\t\t\t\t<\/span>\n\t\t\t\t\t<\/a>\n\t\t\t\t<\/div>\n\t\t\t\t\t\t\t\t<\/div>\n\t\t\t\t<\/div>\n\t\t\t\t\t<\/div>\n\t\t\t\t<\/div>\n\t\t\t\t<\/div>\n\t\t","protected":false},"excerpt":{"rendered":"<p>UEMA Directeur des \u00c9tablissements et Services : Fr\u00e9d\u00e9ric RIDEAU Directeur du p\u00f4le enfant : Damien TERLE \u00a0 Accueil jusqu\u2019\u00e0 7 [&hellip;]<\/p>\n","protected":false},"author":1,"featured_media":3011,"parent":0,"menu_order":0,"comment_status":"closed","ping_status":"closed","template":"","meta":{"site-sidebar-layout":"no-sidebar","site-content-layout":"","ast-site-content-layout":"full-width-container","site-content-style":"default","site-sidebar-style":"default","ast-global-header-display":"","ast-banner-title-visibility":"","ast-main-header-display":"","ast-hfb-above-header-display":"","ast-hfb-below-header-display":"","ast-hfb-mobile-header-display":"","site-post-title":"disabled","ast-breadcrumbs-content":"","ast-featured-img":"disabled","footer-sml-layout":"","ast-disable-related-posts":"","theme-transparent-header-meta":"","adv-header-id-meta":"","stick-header-meta":"","header-above-stick-meta":"","header-main-stick-meta":"","header-below-stick-meta":"","astra-migrate-meta-layouts":"default","ast-page-background-enabled":"default","ast-page-background-meta":{"desktop":{"background-color":"var(--ast-global-color-5)","background-image":"","background-repeat":"repeat","background-position":"center center","background-size":"auto","background-attachment":"scroll","background-type":"","background-media":"","overlay-type":"","overlay-color":"","overlay-opacity":"","overlay-gradient":""},"tablet":{"background-color":"","background-image":"","background-repeat":"repeat","background-position":"center center","background-size":"auto","background-attachment":"scroll","background-type":"","background-media":"","overlay-type":"","overlay-color":"","overlay-opacity":"","overlay-gradient":""},"mobile":{"background-color":"","background-image":"","background-repeat":"repeat","background-position":"center center","background-size":"auto","background-attachment":"scroll","background-type":"","background-media":"","overlay-type":"","overlay-color":"","overlay-opacity":"","overlay-gradient":""}},"ast-content-background-meta":{"desktop":{"background-color":"var(--ast-global-color-4)","background-image":"","background-repeat":"repeat","background-position":"center center","background-size":"auto","background-attachment":"scroll","background-type":"","background-media":"","overlay-type":"","overlay-color":"","overlay-opacity":"","overlay-gradient":""},"tablet":{"background-color":"var(--ast-global-color-4)","background-image":"","background-repeat":"repeat","background-position":"center center","background-size":"auto","background-attachment":"scroll","background-type":"","background-media":"","overlay-type":"","overlay-color":"","overlay-opacity":"","overlay-gradient":""},"mobile":{"background-color":"var(--ast-global-color-4)","background-image":"","background-repeat":"repeat","background-position":"center center","background-size":"auto","background-attachment":"scroll","background-type":"","background-media":"","overlay-type":"","overlay-color":"","overlay-opacity":"","overlay-gradient":""}},"footnotes":""},"class_list":["post-631","page","type-page","status-publish","has-post-thumbnail","hentry"],"_links":{"self":[{"href":"https:\/\/apajh43.fr\/index.php\/wp-json\/wp\/v2\/pages\/631","targetHints":{"allow":["GET"]}}],"collection":[{"href":"https:\/\/apajh43.fr\/index.php\/wp-json\/wp\/v2\/pages"}],"about":[{"href":"https:\/\/apajh43.fr\/index.php\/wp-json\/wp\/v2\/types\/page"}],"author":[{"embeddable":true,"href":"https:\/\/apajh43.fr\/index.php\/wp-json\/wp\/v2\/users\/1"}],"replies":[{"embeddable":true,"href":"https:\/\/apajh43.fr\/index.php\/wp-json\/wp\/v2\/comments?post=631"}],"version-history":[{"count":69,"href":"https:\/\/apajh43.fr\/index.php\/wp-json\/wp\/v2\/pages\/631\/revisions"}],"predecessor-version":[{"id":3121,"href":"https:\/\/apajh43.fr\/index.php\/wp-json\/wp\/v2\/pages\/631\/revisions\/3121"}],"wp:featuredmedia":[{"embeddable":true,"href":"https:\/\/apajh43.fr\/index.php\/wp-json\/wp\/v2\/media\/3011"}],"wp:attachment":[{"href":"https:\/\/apajh43.fr\/index.php\/wp-json\/wp\/v2\/media?parent=631"}],"curies":[{"name":"wp","href":"https:\/\/api.w.org\/{rel}","templated":true}]}}